 the greatest common divisor of i and 16.
16
Suppose -4*z + 7*z = 63. Let o(j) = -5*j**3 + 2*j**2 + j + 1. Let x be o(-1). Calculate the highest common factor of z and x.
7
Let l be (-11 - -13)*(11 - 0). Calculate the highest common factor of 198 and l.
22
Suppose 2*s = -0*s. Suppose 0 = q - 5*q + 8. Suppose q*b + b - 15 = s. What is the greatest common divisor of b and 20?
5
Suppose 5*m + 4*i - 854 = 0, m = 3*m + 2*i - 342. Calculate the highest common divisor of m and 17.
17
Let o(g) = g**3 - g**2 + 2. Let b be o(2). Calculate the highest common factor of b and 54.
6
Suppose -2*j - 30 = -5*s + 11, s - 5*j + 1 = 0. What is the highest common divisor of 9 and s?
9
Let z = 71 - 65. What is the greatest common factor of z and 2?
2
Suppose 2*w - 160 = -2*w. Suppose -103 + 39 = -8*p. Calculate the highest common divisor of p and w.
8
Let f = 39 - 23. What is the highest common factor of f and 64?
16
Suppose 0 = z + 1, 0*i = 3*i + 3*z - 3. Let q = 17 - 7. What is the highest common factor of q and i?
2
Let p = 1 + 2. Let z be 18/10 + 1/5. Calculate the highest common divisor of p and z.
1
Let d(a) = 5*a - 5. Let n be d(7). Let u be n*((-3)/(-5) + 1). What is the greatest common divisor of 8 and u?
8
Suppose -4*y - 5*g = y - 435, -5*g = -y + 93. Calculate the greatest common factor of y and 8.
8
Let d be ((-12)/14)/((-3)/105). Let s = 45 - d. What is the highest common factor of s and 150?
15
Suppose 13 = -2*v + 15. Calculate the highest common factor of 9 and v.
1
Suppose -2*a + 4 = -6*a. Let g be (-5)/(3/(9/a)). Calculate the greatest common factor of g and 6.
3
Let z = 79 + -44. What is the greatest common factor of 175 and z?
35
Let v(r) = r**3 - 18*r**2 - 11*r - 38. Let f be v(19). Calculate the highest common factor of f and 38.
38
Let j(r) = r**2 + 7*r. Let z be j(-7). Suppose z = 3*b - 0*b - 39. What is the highest common factor of 91 and b?
13
Let m(j) = -4*j + 22*j + 4 - 5 - 4*j. Let h be m(1). What is the greatest common divisor of h and 13?
13
Suppose -5*m + 4*m + 15 = 0. What is the greatest common divisor of m and 165?
15
Let u = -3 + 14. What is the highest common factor of u and 55?
11
Let q(s) = 8*s - 15. Let r be q(17). What is the greatest common factor of r and 11?
11
Let q(l) = -l**2 - 25*l - 33. Let c be q(-22). Calculate the highest common factor of c and 3.
3
Let g(t) = 6*t + 15. Let q be g(-4). Let y = 13 - q. Suppose 0 = 3*c - 3*v - 114, -3*v - 59 = -c - 11. What is the highest common factor of y and c?
11
Let a = -39 + 54. What is the greatest common factor of a and 90?
15
Let c(i) = i**3 + i + 14. Let h be c(0). Let l = 154 + -283. Let g = -87 - l. Calculate the highest common factor of h and g.
14
Suppose -2*f + 48 = -82. Calculate the highest common divisor of 13 and f.
13
Let p be ((-4)/8)/((-1)/36). Calculate the highest common factor of p and 18.
18
Suppose 9*j - 167 - 31 = 0. Let m = -91 + 267. Calculate the greatest common factor of m and j.
22
Suppose 0 = -2*h + 4*o + 18 - 8, -5*h - 4*o + 11 = 0. Calculate the greatest common divisor of 2 and h.
1
Let h = 28 + -19. Let y be (h/4)/((-7)/(-56)). What is the highest common factor of y and 3?
3
Let u = 5 + 0. Suppose 5 + u = 2*k. Let i = k - -4. What is the highest common factor of i and 72?
9
Let v be 1 - -2 - 2/(-2)*4. Calculate the greatest common divisor of v and 35.
7
Let t = 11 - 12. Let x(c) = -143*c. Let u be x(t). What is the highest common divisor of 13 and u?
13
Suppose -3*o = 4*o - 21. Suppose o*l - 7 = 5. What is the highest common divisor of 8 and l?
4
Suppose -5*w + 30 = -5*x + 80, 0 = 5*x - 3*w - 40. Suppose -x*d = -2*d - 12. Calculate the greatest common factor of d and 1.
1
Let k = -20 + 5. Let l = k - -27. What is the greatest common divisor of l and 48?
12
Suppose -3*k - 15 = 0, -3*x + k + 8 = -2*x. What is the greatest common divisor of 2 and x?
1
Suppose 2*m + 0*m + 10 = -4*f, 4*m - 10 = -2*f. What is the greatest common divisor of 2 and m?
1
Let x(v) = -16*v - 6. Let a be x(-1). Calculate the greatest common factor of 190 and a.
10
Suppose -4*b = -65 + 1. Suppose 5*a + 5*w - b = 3*a, -4*a + 2*w = -56. Calculate the greatest common factor of a and 143.
13
Let u be -1*2*175/(-7). Let v be 4/6*-3 + 21. Suppose 2*w - 21 = v. Calculate the highest common factor of w and u.
10
Suppose -4*c = -5*t + 36, -t - 8 = -0*t + 3*c. Calculate the greatest common factor of 2 and t.
2
Let m be 2/4*0/(-2). Suppose m = 4*u + 161 - 693. Calculate the highest common factor of 19 and u.
19
Let f be (10 + -3)*34/7. Let i = 10 + 7. What is the greatest common divisor of i and f?
17
Suppose 169 = 8*f - 335. What is the greatest common factor of 9 and f?
9
Suppose -k - 2*z + 52 + 29 = 0, -z + 423 = 5*k. Suppose -k = -h - 4*h. What is the greatest common factor of h and 187?
17
Let n(u) = u**2 - 10*u + 1. Let h be n(10). Suppose h + 3 = r. Suppose -4*y - 1 = 3*x + 5, -r*y - 14 = -x. What is the highest common factor of 5 and x?
1
Suppose 2*s - 562 = -2*s + 5*j, 0 = -3*s + j + 427. Calculate the highest common factor of 11 and s.
11
Suppose -p + 10 = -28. Calculate the greatest common factor of 304 and p.
38
Suppose -11 = -3*h - h - 3*p, p = 4*h - 7. Suppose -h*x = 53 - 251. Calculate the greatest common factor of x and 11.
11
Suppose -29 = -5*f - 4. Suppose -2 - 3 = j, f*j = -3*l + 5. What is the greatest common factor of l and 70?
10
Suppose 3*p = -4*a - 2*p + 200, 5*p = -5*a + 255. Calculate the greatest common factor of 11 and a.
11
Let u be (8*-7)/((-8)/20). Let g be u/5*(-1)/(-2). What is the greatest common factor of 42 and g?
14
Suppose -5*q + 2*d + 191 = -111, 0 = -5*q + 5*d + 305. What is the greatest common factor of q and 30?
30
Let z be (4*4 - 2) + 2. Let u be ((4/(-3))/(-4))/((-2)/(-96)). What is the greatest common divisor of u and z?
16
Let f(d) = 11*d**2 - 2*d - 1. Let c be f(-1). Suppose -4 = -3*r + 11. Suppose 420 = -0*u + r*u. What is the greatest common factor of u and c?
12
Suppose 588 = 5*p + 63. Calculate the highest common divisor of 15 and p.
15
Let y(b) = 8*b + 4. Let s be y(7). Calculate the highest common divisor of 12 and s.
12
Let n = 87 + -55. Let y(q) = -22*q**3. Let s be y(1). Let m = s + n. What is the highest common divisor of 90 and m?
10
Suppose 9 = 2*a + 3*o, 7*a - o - 8 = 4*a. Suppose a*c + 2*c - 165 = 0. Calculate the highest common factor of c and 11.
11
Let l be -2 - ((3 - 0) + -80). Let y = l - -9. What is the greatest common divisor of y and 12?
12
Suppose 0*g - 3*g = -9. Suppose -4*p - 5*k = -64, -p + 5*k = g*p - 64. What is the greatest common factor of p and 112?
16
Let l(r) = -r + 28. Let p be l(17). What is the greatest common divisor of p and 44?
11
Suppose 0 = -5*b + r + 1396, -2*b + 5*r + 561 = 2*r. What is the highest common factor of b and 31?
31
Let r be (-3)/(-6) - (-9)/2. Suppose 0 = -r*y - 3 + 18. Let k be 84/(-9)*y/(-2). Calculate the highest common factor of k and 154.
14
Let j(g) = 2*g + 22. Let w be j(7). What is the highest common factor of 396 and w?
36
Suppose -2*j + 0*z + 9 = -z, 5*j = -3*z + 28. Calculate the greatest common factor of j and 40.
5
Let p(t) = -t**2 - 13*t - 18. Let c be p(-2). What is the highest common factor of c and 44?
4
Let h = 12 + -12. Suppose m - 41 = 4*g + 1, 5*m + 2*g - 276 = h. Calculate the greatest common divisor of m and 18.
18
Suppose 12 = -4*q, -3*x = -8*x - q + 97. Calculate the highest common factor of x and 100.
20
Let m(h) be the third derivative of h**4/24 - h**3/3 - 5*h**2. Let g be m(4). Calculate the greatest common divisor of 22 and g.
2
Let d(a) = -a**3 + a**2 + 2*a + 32. Let x be d(0). Calculate the greatest common factor of 96 and x.
32
Let s(z) = -z + 27. Let u be s(-19). What is the highest common factor of 23 and u?
23
Suppose 5*f - 14 = -4*l + 2, l + 17 = 4*f. What is the greatest common divisor of 36 and f?
4
Suppose 0 = -3*k + 9, -3*n + 72 = 2*k + k. Suppose -5*a + n = 4*q - 64, -5*q - a = -80. Calculate the highest common divisor of q and 10.
5
Let k = 10 - 6. Suppose -n - 14 = -z, -3*z + 106 = 2*z + k*n. What is the highest common factor of 90 and z?
18
Suppose 3*o + 0*m + m - 21 = 0, 5*o - 4*m = 52. What is the greatest common divisor of 72 and o?
8
Let h be (-2 - 2)/(-2) + 6. Let r be 898/h + (-2)/8. Calculate the greatest common factor of r and 14.
